late the highest common factor of r and 36.
12
Let h = 21405 + -21171. Suppose -5*q = -2*s - 86, 4*q - 48 = q + 3*s. What is the highest common factor of h and q?
18
Let t = -5459 - -5794. Calculate the greatest common divisor of 25 and t.
5
Let y be (1*(-9)/(-18))/((15/3)/24250). Calculate the greatest common divisor of y and 75.
25
Suppose 212*t = 228*t - 569328. What is the greatest common divisor of 87 and t?
87
Let b be (-16)/12*3*921/(-6). Suppose 7992 = 31*w + b. Calculate the highest common divisor of w and 70.
14
Let n be (140/(-49))/(46/(-14) - -3). Let k(w) = w**2 + 2*w - 11. Let g be k(-5). Calculate the highest common factor of n and g.
2
Let z(w) = 10*w**2 - 7*w - 1. Let q(v) = -10*v**2 + 7*v. Let y(i) = 4*q(i) + 5*z(i). Let d be y(-3). Calculate the highest common factor of d and 53.
53
Let y(d) = -d**3 + 10*d**2 + 12*d + 32. Let h be y(10). Calculate the highest common divisor of 40 and h.
8
Let n = 322 - 325. Let y be (n + 0 + 52)*6/7. Calculate the greatest common factor of y and 6.
6
Let g(f) = -80*f - 14723. Let l be g(-185). Let v be ((-42)/(-9))/((-8)/(-36)). Calculate the greatest common factor of v and l.
7
Suppose 3*g - f - 193 = 0, -f + 311 = 9*g - 4*g. Suppose 54 = 2*r - r. What is the highest common factor of g and r?
9
Suppose 22*v = 4743 - 893. Calculate the highest common divisor of v and 700.
175
Suppose 65 = 3*y - 70. Suppose -4*x + 5*x = 4*h + 34, -4*h = -2*x + 36. Let q = h + 23. What is the highest common divisor of q and y?
15
Let f(l) = 669*l - 5951. Let j be f(11). What is the greatest common factor of j and 1188?
44
Let n be (168/6)/(-14)*3*(-22)/4. Let i be 3/((-1)/55*-1). What is the highest common divisor of n and i?
33
Let s be 189*4/(-14)*497/(-426). Calculate the highest common factor of s and 2856.
21
Let a(o) = -o**3 - 9*o**2 - 15*o - 23. Suppose 5*j = v - 56, -5*v - 17 = 4*j + 22. Let i be a(j). Calculate the greatest common factor of i and 12.
12
Let g(h) = 40*h**2 - 6*h - 2. Let p(t) = -21*t**2 + 3*t + 1. Let f(a) = 3*g(a) + 5*p(a). Let q be f(-1). What is the greatest common divisor of q and 85?
17
Let x(o) = 2*o + 73. Let y be x(14). Suppose y + 24 = 5*c. Calculate the greatest common divisor of 200 and c.
25
Suppose 14215 = 9*s + 207*s - 905. Calculate the greatest common divisor of 4865 and s.
35
Suppose -198*m + 199*m = 70. Let k be 125/5 + (-3 - 2). Calculate the highest common factor of k and m.
10
Suppose y = 3*r + 3175, 63*y - 6310 = 61*y - 2*r. Calculate the greatest common factor of 80 and y.
40
Let m be 2/(-6) + 20 + (-1450)/87. What is the greatest common factor of m and 737?
1
Let u be 123*((-20)/15 - -3). Suppose 880 - u = 5*w. Suppose 60*r = 63*r - w. Calculate the greatest common divisor of r and 15.
15
Let j(h) = -h**3 - 11*h**2 - 37*h + 5. Let a be j(-7). Suppose 0 = 3*d - 2*u - 41, 4*u + 7 = -5*d + a. Calculate the highest common factor of d and 65.
13
Let q = 103 - 1. Let g = -72 + q. Let n = g - 27. What is the highest common divisor of 33 and n?
3
Let f = 244 - 174. Let j = f + -31. Let r = 7 + j. Calculate the greatest common factor of 115 and r.
23
Let w(j) be the second derivative of j**4/2 + 19*j**3/3 - 6*j**2 - 89*j. Let n be w(-7). Calculate the greatest common divisor of n and 128.
16
Suppose -14*t - 11*t = 816 - 2766. What is the greatest common factor of 1846 and t?
26
Let l be 4/(-6)*(-5)/15*9. Suppose 0 = 3*i + l*a - 48 - 41, 0 = 5*i + a - 139. Let v = 61 + -25. Calculate the highest common factor of v and i.
9
Suppose 2390 = -17*t + 3053. What is the greatest common divisor of 16185 and t?
39
Suppose 8*m - 2*t = 5*m + 162, 162 = 3*m - t. What is the highest common factor of 4194 and m?
18
Suppose -11*p = -267 - 173. What is the highest common divisor of p and 3560?
40
Let i(v) = 12*v**2 + 146*v + 352. Let b(y) = 3*y**2 + 36*y + 89. Let l(c) = 9*b(c) - 2*i(c). Let q be l(-17). Calculate the greatest common factor of 21 and q.
21
Let w be -3 + 26814/30 + 4/20. What is the greatest common divisor of 11 and w?
11
Let v = 43 - 23. Suppose 0 = 4*u - 5*u + 1438. Let q be (-2)/(-8) - 0 - u/(-8). What is the greatest common factor of v and q?
20
Suppose -3*d = 172*y - 177*y - 241, 4*y = -3*d + 196. What is the highest common divisor of d and 1464?
24
Let m(x) = -x**3 + 32*x**2 + 36*x + 57. Let o be m(33). Calculate the greatest common factor of 840 and o.
12
Let a = 20720 + -20651. Calculate the greatest common factor of a and 759.
69
Let p = -2113 + 2117. Let u(a) = 3 - 1 - 1 + 20*a. Let y be u(p). Calculate the highest common divisor of 9 and y.
9
Let y(a) = 214*a + 9005. Let z be y(-42). Calculate the highest common factor of z and 15793.
17
Suppose -7*g + 1134 = -910. Let f = g - 286. Calculate the greatest common factor of 186 and f.
6
Let u be 2280/(22/935*17). What is the greatest common factor of 525 and u?
75
Let w(g) = -g + 11. Let c(k) = k**3 + 8*k**2 - 7. Let o be c(-8). Let b be w(o). Suppose b*z + 7 = 19*z. What is the greatest common divisor of z and 35?
7
Let f be 2/13 + 55/65 + -2. Let r be 1809/15 + (f - 6/(-15)). What is the highest common factor of r and 24?
24
Suppose 180442*u = 180465*u - 34155. Calculate the highest common factor of u and 44.
11
Let a = 16 + 24. Suppose -4*c - 6*u + 684 = 0, -42*c + 37*c + 3*u = -918. Calculate the highest common divisor of a and c.
20
Suppose 2*r + 2*g - 592 = 0, -3*g = -5*g + 4. Let s be (-190)/(-14) - 159/(-371). Calculate the highest common factor of r and s.
14
Suppose -27429 = -52*k - 389. What is the greatest common divisor of k and 234?
26
Let h = 79076 - 79058. Let w(c) = c**2 - 2*c - 6. Let m be w(5). Let u be 0 + 1 + -1 + m. Calculate the highest common factor of u and h.
9
Suppose -2*p + 20 = -28. Suppose 14 + 4 = 9*w. Suppose -y = -w, 3*y = 4*h - 2*h - 426. What is the greatest common divisor of h and p?
24
Suppose 0 = -19*b + 15*b + 272. Suppose h + h - b = 0. Let i(d) = 4*d**2 + d - 10. Let v be i(-8). What is the highest common factor of h and v?
34
Let g(w) = -763*w - 772. Let x be g(-4). Calculate the greatest common factor of x and 171.
57
Let a(p) = 42*p**3 - 32*p**2 + 140*p - 10. Let j be a(6). Calculate the highest common divisor of j and 35.
35
Let b(i) = 6*i - 44. Let p be b(7). Let m be (9 - 5)/(0 - p). Let h be 4 - (-12 - (-9 + m - -3)). What is the greatest common divisor of h and 48?
12
Let g(x) = 36*x**2 - 2*x + 8. Let o be g(2). Let u(z) = 2*z - 28. Let t be u(15). Let n be 1*(1 - t) - -38. What is the highest common divisor of n and o?
37
Let l be 240/100 - (-2)/(-5). Suppose 0 = 3*a + l*a - 70. What is the greatest common divisor of a and 42?
14
Let g(r) = -75*r + 8906. Let j be g(102). Calculate the greatest common factor of j and 120.
8
Let t(z) = -262*z - 650. Let r be t(-5). Calculate the greatest common divisor of r and 2145.
165
Suppose 83*r + 707 - 1288 = 0. What is the greatest common divisor of r and 329?
7
Let c be (-38790)/(-63) - 8/(-28). Suppose -6*s + c = 2*s. Calculate the greatest common factor of 7 and s.
7
Let v = -58 - -2. Let u = v + 58. Suppose 0 = -i + 5*a - 4, 0 = -a + u + 1. What is the highest common factor of i and 1?
1
Suppose -41*q - 9*q + 2192 + 1608 = 0. Calculate the greatest common factor of q and 68.
4
Suppose 0*s = -2*s + 5134 + 1088. What is the highest common divisor of 122 and s?
61
Suppose -26788 = -65*v - 788. Calculate the highest common divisor of 720 and v.
80
Let n(f) = 6*f - 3. Let b be n(1). Let q(d) = -5*d - 6. Let i be (-126)/45 + 2/(-10). Let c be q(i). Calculate the highest common divisor of c and b.
3
Suppose 689 = -5*v + 1809. Let s be ((-3498)/(-44))/(3*1/6). Suppose 12*y + s = 543. Calculate the greatest common divisor of v and y.
32
Let n = -41 - -161. Let k be (-9*16/n)/(2/(-25)). What is the greatest common factor of 9 and k?
3
Suppose 48 - 932 = -26*k. Suppose 0 = -39*u + k*u + 1185. What is the highest common factor of 79 and u?
79
Suppose 4*l = 4*v + 1712, 5*l - 2*v + v = 2156. What is the highest common factor of 304 and l?
16
Let v(t) = t**3 - 10*t**2 - 7*t - 1. Let y be v(15). Let k = -585 + y. What is the highest common divisor of k and 62?
62
Suppose 105*i - 1506 = 2064. Calculate the highest common divisor of i and 1377.
17
Let w be (-6)/(96/(-500)) + 27/36. Calculate the greatest common divisor of 536 and w.
8
